c = 2984 + -1966. What is the hundreds digit of c?
0
Let v(l) = 40*l - 96. What is the hundreds digit of v(28)?
0
Suppose 0 = -2*p + 7*p + 5. Let t be (p + 5 - 4)/1. What is the units digit of (t - 4) + 86 + -18?
4
Let s = -14 + 14. Suppose 4*l = -s*l + 8. Let p(k) = 2*k**3 + 2*k**2 - 2*k + 2. What is the tens digit of p(l)?
2
Let k be (3 + -2)/(2/4). Suppose -k*j = j - 6. Suppose 0 = -q + j*a, 0 = 2*q - 7*q + 3*a + 14. What is the units digit of q?
4
Let n(i) = i**3 - 2*i**2 - 12*i + 6. What is the units digit of n(5)?
1
Let i be 1944/(-14) - (-19)/(-133). Let s = i + 380. What is the units digit of s?
1
Let r(p) = -22*p**3 - 2*p - 1. Let i be r(-1). Suppose -2*d + 18 = -4*q, -6 - 3 = -q - 4*d. Let l = q + i. What is the units digit of l?
0
Let l = -572 + 1145. What is the hundreds digit of l?
5
Let p(m) = -11*m - 8. Suppose 2*u = -3*d + 19, 4*u - 3*d + 2 = -5. Suppose 5*b = -5*c - 15, 0 = c - u*c. What is the units digit of p(b)?
5
Let b(u) = 3*u**2 + 18*u + 2. Let g be b(4). Let v = 168 - g. What is the tens digit of v?
4
Suppose 3*r + 31 = 5*k - 9, 0 = -5*k - r + 60. Let s(a) = 3*a**2 - 18*a - 5. What is the units digit of s(k)?
0
Let t be (6/3 - -99) + -5 + 3. Suppose -37 + t = i. What is the tens digit of i?
6
Suppose -27 - 22 = -7*f. Suppose f*z - 11*z + 128 = 0. What is the tens digit of z?
3
Let x = 40 + -35. Suppose -x*a + 0*a + 215 = 0. What is the units digit of a?
3
Suppose 0 = -43*v + 42*v + 6. What is the tens digit of (36/5)/(v/60)?
7
What is the hundreds digit of -3 - -3 - 2 - -675?
6
Let s(h) be the second derivative of h**5/20 + h**4/6 - 2*h**3/3 - h**2/2 - 14*h. What is the units digit of s(2)?
7
Let i = -86 + 282. Suppose -4*o + 4*k + i = 0, 0*k = 3*o - 2*k - 150. Let f = -6 + o. What is the units digit of f?
6
Let w(i) = -7*i - 56. What is the units digit of w(-11)?
1
Let x = 67 + 186. What is the hundreds digit of x?
2
Suppose -157*y = -155*y - 410. What is the units digit of y?
5
What is the tens digit of 50 - 2/(-2)*(-11 - -8)?
4
Let a(d) = 2*d**2 - 31*d + 81. What is the hundreds digit of a(24)?
4
What is the units digit of 3109 + 8/(8 + -10)?
5
Let h = -66 - -61. Let b(g) = -g**3 - 4*g**2 + 7*g - 5. Let i be b(-6). Let l = i + h. What is the units digit of l?
0
Let c(v) = v**2 - 25*v + 8. What is the units digit of c(25)?
8
Let x(k) be the third derivative of -k**6/120 + k**5/5 + k**4/8 - 35*k**3/6 + 36*k**2. What is the units digit of x(10)?
5
Suppose -l + 305 = 4*l. What is the tens digit of l?
6
What is the hundreds digit of 1/(7/1 + (-115623)/16518)?
5
Let k(q) = -2418*q - 273. What is the hundreds digit of k(-2)?
5
Suppose 2*z - 174 = 188. What is the hundreds digit of z?
1
Let c(f) = -f**3 + 7*f**2 + 5*f. Suppose 0 = 14*u - 7*u - 49. What is the tens digit of c(u)?
3
Suppose 4*p + 3 = 4*a - 1, -3*p + 7 = -a. Suppose 0*o + 224 = a*o + 2*t, 0 = -2*o + 2*t + 98. What is the tens digit of o?
4
Let s(k) = k**2 + k + 118. Let p be s(0). Suppose -5*m + 142 = c, 4*m = -c - 5 + p. Suppose 0 = -2*n + m - 9. What is the tens digit of n?
1
Let k(q) = -3*q**2 + 5*q + 5. Let o be k(5). Let j be 7/((-98)/(-172)) + 6/(-21). Let l = j - o. What is the tens digit of l?
5
Suppose -4*r + 340 = -5*p, -6*r - 44 = p - 2*r. Let o = 174 + p. What is the hundreds digit of o?
1
What is the units digit of (-34837)/(-88) + 7 + (-2)/(-16)?
3
Suppose -2*g - 18 = -11*g. What is the units digit of (-5)/10*g*-33?
3
Let p = -26 - -14. Let v be (-18)/(-5) + p/20. What is the tens digit of (v + (-2 - -28))*1?
2
What is the hundreds digit of (1 - 1443)*18/(-36)?
7
Suppose -2*n - 91 = -15*n. Let y = 14 + n. What is the tens digit of y?
2
Let a = 447 - -29. What is the tens digit of a?
7
Let i = -70 - -108. Suppose 3*w - i = 34. What is the units digit of w?
4
Let u(n) = 2*n - 7. What is the units digit of u(16)?
5
Suppose -3*k + 145 = j - 172, 5*k - 495 = 5*j. Suppose 58 = -h + k. What is the units digit of h?
6
Let a(m) = -m**3 - 7*m**2 + m + 3. Let z be a(-7). Let b = z - -8. Suppose -5*t = 4*s - 31, b*s - 5*t - 1 + 0 = 0. What is the units digit of s?
4
Suppose -4*q + t = -0*t - 3057, 4*t = -2*q + 1506. What is the units digit of q?
3
Let b be (1 - 2)/(1/(-5)). Suppose 23 = 4*h - 3*c, 3*c + c = 3*h - 19. Suppose -h*d = -b - 25. What is the units digit of d?
6
Let a(i) = 3*i**3 + 150*i**2 - 101*i - 5. What is the tens digit of a(-50)?
4
Let m = -4822 - -7338. What is the thousands digit of m?
2
Suppose -27 = -2*f + 25. Let o = 81 - f. What is the tens digit of o?
5
Let w be 3 + (-27)/(-6)*4/6. Suppose w*c - 5 = 1. What is the units digit of c?
1
Let w = 66 - 68. What is the hundreds digit of ((-35)/(-2))/(w/(-12))?
1
Let q(c) = 328*c**2 + 2*c + 2. What is the units digit of q(-1)?
8
Let r = 404 - 157. What is the tens digit of r?
4
Suppose -4*g - 2 = f, -g = -5*g - 20. Suppose -y + 4*y + 3 = 0. What is the units digit of (-1)/(2*y/f)?
9
Let p = 40 + -36. Suppose -p = -2*h, 9*h = t + 4*h - 255. What is the units digit of t?
5
Let x(j) = 2*j**2 - 14*j - 4. Let n be x(8). What is the units digit of ((-516)/14)/(n/(-56))?
2
Suppose 0 = -4*v + 3*n + 288, 2*v = v - n + 72. What is the tens digit of v?
7
What is the tens digit of 2/(-8) - (6 - (-1638)/(-24))?
6
Let g = 73 - -1961. What is the hundreds digit of g?
0
Let a(w) = w**3 + 10*w**2 - 7*w - 14. Let d(m) = -2*m**3 - 21*m**2 + 14*m + 29. Let t(f) = -13*a(f) - 6*d(f). What is the units digit of t(-6)?
8
Suppose 4*x + 0*x = -4*j + 20, 2*x - 18 = -4*j. What is the units digit of x + 0 + 107 + -1 + 0?
7
Let p = -26 - -96. Let r = 144 - p. What is the units digit of r?
4
What is the tens digit of ((-48)/(-10))/(10 + (-1067)/110)?
1
Suppose -4*i + 199 = 3*f, 6*f - f = -5*i + 335. What is the tens digit of f?
6
Let t(y) = -3188*y**3 - 2*y**2 + 4. What is the thousands digit of t(-1)?
3
Let d be (-9)/12 - (1335/(-20) - 3). Suppose -293 = -4*f + 3*n + d, 5*f - 2*n = 449. What is the units digit of f?
9
Suppose 273 = 2*g + y - 6*y, 4*g = 3*y + 553. What is the tens digit of g?
3
What is the hundreds digit of (-25 + 4)/(2/(-12))?
1
Let y(x) = -x**2 + 11*x + 28. Suppose -5*v - 4*h = -9*h - 105, 4*h = -4*v + 60. Suppose 2*u - v = 4*n, 0*u - 3*u + 31 = -4*n. What is the units digit of y(u)?
2
Let v(u) = u**3 + 9*u**2 + 3*u - 20. Let o(m) = -m**2 + m. Let d(t) = -5*o(t) + v(t). Let p be d(-14). Let z = 6 + p. What is the units digit of z?
4
Let k = -42 + 46. Suppose -k*y = 0, -4*p + 109 + 43 = 3*y. What is the units digit of p?
8
Let l(n) = n**2 - n. Let w(c) = -18*c**2 - 3*c. Let z(i) = 12*l(i) - 3*w(i). What is the tens digit of z(2)?
5
Let n(m) = -m**3 - 8*m**2 - 23*m + 14. What is the hundreds digit of n(-12)?
8
Let o = 109 + -109. Suppose o*n = -3*f + 5*n + 937, n = -4*f + 1257. What is the tens digit of f?
1
Suppose -k - 1979 = -10*g + 7*g, -5*g + 4*k + 3289 = 0. What is the hundreds digit of g?
6
Let o(t) = -3*t - 3. Let z(k) = 6*k - 4. Let g be z(-8). Let r be 164/g + 4/26. What is the units digit of o(r)?
6
Suppose 9*w - 194 = 3082. What is the hundreds digit of w?
3
Let m(f) = -3*f - 45. Let s be m(0). Let u be 3*(-355)/s*3. Suppose p - 5*z = 55, -z = p - 2*p + u. What is the tens digit of p?
7
Suppose -922 = -2*n + 208. What is the units digit of n?
5
Suppose 7*x + 10*x = 4913. What is the tens digit of x?
8
Let g = 19 - 14. Suppose i - 1 + 0 = 0, -g*x - 3*i = -173. What is the units digit of x?
4
Suppose 3*m - 140 = 226. Suppose -2*n + 4*k + m = 0, -5*k + 0*k = -4*n + 259. What is the tens digit of n?
7
Let o(v) = 0*v + 4*v - 167 + 164 + v**2 + 15*v**2. What is the units digit of o(1)?
7
Let c(l) be the first derivative of -5/2*l**2 + 1/3*l**3 - 11*l + 1. What is the tens digit of c(8)?
1
Let h = -751 - -1582. What is the units digit of h?
1
Let a = -58 - -62. Suppose -a*h + 610 + 394 = 0. What is the units digit of h?
1
Suppose -4*j - 3 = -3*v, 3*j + 8 = -1. What is the tens digit of (-984)/(-30) - (v - 0)/15?
3
Suppose 0 = 2*p - 13 + 7, 2*m - p = 71. Suppose 0 = 2*c - 0*c - 36. Let k = m - c. What is the tens digit of k?
1
Suppose 5*z - 12229 = a, -z + 0*z + 2425 = 5*a. What is the hundreds digit of z?
4
Let z(p) = 12*p + 23. Let s be z(-4). Let j = 37 + s. What is the units digit of j?
2
Let b(w) = 9*w**3 - 3*w**2 + 5*w - 3. What is the hundreds digit of b(4)?
5
Suppose 615 + 252 = m. What is 